ctor of 172 and a?
86
Let k = -148 - -269. Suppose 4*f - k = 5*p, f - 12 - 13 = p. Let l = 87 + p. What is the highest common factor of 88 and l?
22
Let u(b) = 18*b - 38. Let l be u(12). Suppose w = 3*i - 609 + 80, i - 2*w = l. What is the highest common factor of 132 and i?
44
Let t = -12895 + 12939. What is the greatest common factor of 4268 and t?
44
Let x = 53 - 48. Let o(l) = 2*l**3 + 5*l**2 + l + 2. Let i be o(x). Let d = i - 228. Calculate the greatest common divisor of 14 and d.
14
Let c be (1 + -4)*22/(-6). Let n = -38194 - -38198. Calculate the greatest common divisor of c and n.
1
Suppose -22*x + 672 + 573 + 427 = 0. Suppose -1 = -5*d + 189. Calculate the greatest common factor of d and x.
38
Suppose 39627 = 5*t + 34677. What is the greatest common factor of t and 396?
198
Suppose 18*k = 17*k - 244. Let d = k - -256. What is the highest common factor of 42 and d?
6
Let z be (-11)/((-44)/28) - (3 - 572). Calculate the greatest common divisor of z and 126.
18
Suppose 4*r - 23 = -7. Suppose -5*o - 4*i = -i - 73, r*o + 2*i = 58. Calculate the greatest common factor of 112 and o.
14
Suppose 7*h + 3*h = 710. Suppose q - 31 = g, 5*g - 21 = 2*q - h. Suppose 0 = -k + 4*k - 21. Calculate the highest common divisor of q and k.
7
Suppose -2*j + 450 + 434 = -356. Calculate the greatest common divisor of j and 1984.
124
Let a(k) = -361*k**3 - 20*k**2 - 117*k + 3. Let n be a(-5). What is the greatest common divisor of n and 21?
21
Let t(y) = -374*y - 5205. Let c be t(-15). Calculate the greatest common divisor of c and 2511.
81
Let a = 234 - 134. Suppose a*u + 22 = 102*u. What is the greatest common factor of 176 and u?
11
Suppose 1298 = -k + 12*k. Let y = k + -124. Let n = y + 51. Calculate the highest common divisor of 75 and n.
15
Suppose 0 = -0*m - 2*m + 32. Suppose 89*j = 96*j - 35. Suppose -21 = -4*r - j*k, 3*k = -6 + 9. What is the greatest common factor of m and r?
4
Let t(h) be the second derivative of h**4/6 - 4*h**3 - 7*h**2 - 7*h. Let x be t(13). What is the highest common factor of 42 and x?
6
Suppose 4*k = -20, 12*k - 81 = -3*o + 15*k. Suppose 4*p + 54 = o*p. Calculate the highest common divisor of 5 and p.
1
Let o be -681*(26/39)/(4/(-136)). Calculate the highest common divisor of 68 and o.
68
Suppose z - 4290 = -77*z. Calculate the greatest common factor of z and 4895.
55
Let n(t) = -15*t**2 - 154*t. Let o be n(-9). What is the greatest common divisor of o and 36?
9
Let v(b) = -12 - 32*b + 23 - 4 + 35 + 4*b**2 + 10*b. Let c be v(13). Calculate the greatest common factor of 48 and c.
48
Let i be -1*179*-2*1/2. What is the greatest common divisor of 31 and i?
1
Let d(y) be the first derivative of y**4/4 + y**3 - 2*y**2 + 5*y + 65. Let s be d(-3). Calculate the highest common factor of 544 and s.
17
Let q = -34 - -21. Let d(v) = -v**3 - 13*v**2 + v + 12. Let g be d(q). Let l be ((-1)/g)/((-1)/36*-6). Calculate the greatest common factor of l and 54.
6
Let l(w) = 5*w + 59. Let p be l(0). Suppose p*z - 55*z - 128 = 0. Suppose -4*a = g + 8, 3*a - 23 = 5*g - 75. What is the highest common factor of g and z?
8
Let p be 8/((-9)/(-6) - 2). Let w = 7 - p. Let t be (-115)/3*(234/90 - 5). Calculate the highest common factor of t and w.
23
Let u = -920 - -1952. Let o = -789 + u. Calculate the highest common divisor of 135 and o.
27
Suppose 4*t = -4, -5*j - 393 = -8*j - 3*t. Let m be ((j/(-6) - -2) + -3)/(-1). Calculate the greatest common divisor of m and 713.
23
Let j be 3*1510/(-45) - 3/9. Let p = 153 + j. What is the greatest common factor of p and 65?
13
Let v = 85 + -5. Let q be 8*((-6)/(-10))/((-45)/(-150)). What is the greatest common factor of v and q?
16
Let g(l) = 13*l**2 + 51*l - 305. Let t be g(8). What is the greatest common divisor of t and 357?
17
Let k be 8904*((648/(-16))/9 + 5). What is the greatest common divisor of 112 and k?
28
Let j = 181 + -361. Let d be (j + -10)/(6/(-3)). Let m(v) = 3*v + 1. Let h be m(6). What is the highest common factor of d and h?
19
Suppose b = 266*s - 261*s - 5095, -3040 = -3*s + 4*b. Calculate the highest common factor of 300 and s.
60
Suppose 11696 = 23*t + 11*t. Let q = t + -310. Calculate the highest common factor of q and 68.
34
Let j = -22 - -26. Let h be 464/24 - j/(-6). Let c be -4*((-255)/h)/1. Calculate the highest common factor of c and 17.
17
Suppose 5*o - 2301 = 3*d, 2*o - 828 = d + 93. What is the greatest common divisor of o and 2244?
66
Let a be (-5 - -2) + (0 + 2 - 5). Let p be (7 + 231/(-35))*(1 + a). Let j be (p - 12/(-9))/(1/(-33)). What is the greatest common divisor of j and 44?
22
Suppose 3*f + 5*v + 10 = 0, -2*f + 2*v - 6*v - 8 = 0. Let r be 102/170*(20 + f). What is the highest common factor of 24 and r?
12
Let t(d) be the second derivative of -3/2*d**2 + 29*d - 1/6*d**4 - 7/6*d**3 + 0 - 1/5*d**5. Let w be t(-2). What is the greatest common factor of 385 and w?
35
Let u = 43 - 1. Suppose 6*z - 4*n - 68 = 0, -22 = -35*z + 33*z + 2*n. Calculate the greatest common factor of u and z.
6
Let m be ((-8)/10 + 391/170)/(18/912). What is the greatest common factor of m and 5168?
76
Suppose 0 = -37*d - 39*d + 6*d + 316820. Calculate the highest common divisor of 219 and d.
73
Let y(q) be the first derivative of -39*q**2/2 + 47*q + 192. Let p be y(-7). Calculate the highest common divisor of p and 20.
20
Suppose -x + 37 = -0*x. Suppose x = 4*s - 75. Suppose 22*n = 317 - 9. Calculate the highest common factor of n and s.
14
Suppose -3 = 6*c + 27. Let t(n) = n**3 + 8*n**2 - 2*n - 4. Let i be t(c). Calculate the highest common divisor of i and 9.
9
Let p be -332*(-8)/64 + (-48)/(-32). Calculate the highest common divisor of 19651 and p.
43
Suppose -33*m - 42*m = -30*m - 3240. What is the highest common factor of 54 and m?
18
Suppose -55*z + 18 = -56*z. Let d be (-718)/(-14) + z/63. Calculate the greatest common divisor of d and 3.
3
Suppose 81 = -799*w + 826*w. What is the highest common divisor of 2541 and w?
3
Suppose -5*o - 1676 = 4*j - 6769, 5*j + 2*o = 6362. Calculate the greatest common factor of j and 16.
8
Suppose -19*n - 16898 = -52*n + 33592. Calculate the highest common factor of 935 and n.
85
Let p = -17475 - -27971. Calculate the highest common divisor of p and 256.
256
Let v(p) = p**2 + 4*p + 19. Let u be v(-5). Let t = 184 + -178. What is the greatest common divisor of u and t?
6
Let n(g) = -7*g**3 - 5*g**2 + 3*g - 11. Let k be n(-5). Let d = 820 - k. Calculate the greatest common divisor of d and 72.
24
Let s = 725 - 720. Let f = 7 - -3. What is the greatest common divisor of f and s?
5
Suppose 0 = 4*p - 615 + 167. Suppose b + 31 = 5. Let k = b + 40. Calculate the greatest common factor of p and k.
14
Let m = 1846 + -1831. Calculate the greatest common divisor of m and 81.
3
Let y = -33 - -36. Suppose -4*p + 5 = -z, 2*p = 4*z - y*z + 1. Suppose -p*x + 41 - 13 = 0. Calculate the highest common divisor of x and 154.
14
Let a(k) = 57*k**2 - k - 3. Let w be a(3). Let y(f) = -20*f**2 + 730*f - 5261. Let g be y(10). What is the highest common divisor of g and w?
39
Suppose k - 302 = 118. Suppose -17*d + k = -12*d. Suppose -y = 4*i - d, -3*i = -3*y + 2*i + 303. What is the highest common divisor of y and 12?
12
Let n(t) = -7*t - 5. Let q = -46 + 52. Let b(r) = -7*r - 5. Let z(p) = q*n(p) - 5*b(p). Let d be z(-5). Calculate the greatest common factor of 150 and d.
30
Let k = -7074 + 11625. What is the highest common factor of k and 82?
41
Let n be (-5)/50*25*(4 + -178). What is the highest common factor of 465 and n?
15
Let l be (-666)/296*(-4)/3. Suppose 4*n = -l*g + 461, -g + 2*n + 74 = -83. What is the highest common factor of g and 341?
31
Suppose 90763 = 499*y - 176*y. What is the highest common factor of y and 4?
1
Let s(k) = 4*k**2 + 3*k - 8. Let u = 3 + -10. Let h be s(u). Let o = -48 + h. Calculate the highest common factor of 7 and o.
7
Suppose 3*d - 4*d + 11 = 0. Let g(m) = 96 + 447 + 44*m - 202. Let a be g(-6). Calculate the highest common divisor of a and d.
11
Let c be 236/6 + 4/6. Let v be (-1)/30*-5 + 26/(-12). Let x(w) = -7*w + 6. Let u be x(v). What is the highest common factor of u and c?
20
Suppose 5*b - 5*z = 60, 2*b + b - z = 28. Let c = -163 + 227. What is the greatest common divisor of b and c?
8
Let t = 127 - 125. Let d = 11 + t. What is the highest 